 = 2*h + 12 - 3, -2*h - 12 = 4*g. Calculate x(g).
16
Let c(s) = -s**2 + 3*s + 32. Let m be c(-4). Let p(w) be the first derivative of -w**3/3 + 5*w**2/2 - 6*w - 1. What is p(m)?
-2
Let q(w) = w**2 + 8*w + 14. Let x be q(-7). Let r(y) = -y**3 + 8*y**2 - 6*y + 2. Determine r(x).
9
Let q(t) = -3*t**2 - 2*t + 2. Let k = -131 - -129. Determine q(k).
-6
Let f(m) = 6*m - 1. Let d = 22 + -21. Give f(d).
5
Let j(t) = 29*t**2 + 7*t - 7. Let n(p) = 19*p**2 + 5*p - 5. Let s(y) = -5*j(y) + 7*n(y). Give s(1).
-12
Let k(x) = -2*x. Let q be ((-36)/(-16)*2)/(18/24). Calculate k(q).
-12
Let t(y) = y + 9. Let l(v) = 4 + 0*v + 6 + v. Let x(z) = 6*l(z) - 7*t(z). Suppose 4*p - p = -g - 9, -2*g - 5*p = 15. Give x(g).
-3
Let x = 16 + -12. Suppose -4*v - 16 = x. Let l(k) = 2*k. Calculate l(v).
-10
Let o(p) = 34*p + 2 - 35*p - 2. Determine o(-5).
5
Let n(f) be the second derivative of -f**3/6 - 3*f. Give n(-1).
1
Let o(p) = -p**2 - 5*p. Let d be (1 + 7)*8/16. Suppose 0 = 3*s - 2*l + 17, d*s - 2*l + 8 = -3*l. Give o(s).
6
Let n(h) = -13*h + 14. Let t(m) = -2*m + 1. Let g(r) = -n(r) + 6*t(r). Give g(7).
-1
Let z(d) = d**2 - 7*d + 3. Suppose -6 = -3*n + 9. What is z(n)?
-7
Let v(r) = r**3 - 5*r**2 + 6*r - 5. Let z be v(4). Let m(b) = 3*b**2 + 2 + 8*b**2 - 10*b**2 - 2*b + 1. What is m(z)?
6
Suppose -4*t - 12 = -3*r, 0 = 2*r - 2*t - 5 - 3. Suppose -2*j + 7 = 1. Let v(m) = 0 + 3*m + 3*m**2 + 3 - 3 - m**j. Give v(r).
-4
Let r(t) = -9*t - 5 + 7*t**2 + t**3 + t - t**2 + 0*t**2. Calculate r(-7).
2
Let t(q) = -q**3 + 5*q**2 - q - 5. Suppose -5*c + 3*m = -41 + 4, 12 = 4*c + 2*m. Give t(c).
-10
Let m(d) be the third derivative of -d**6/120 + 2*d**5/15 + 5*d**4/12 - d**3/2 - 7*d**2. Calculate m(9).
6
Let v(q) = q**2 - 6*q - 8. Suppose -5*r - w = -30, 0*r - 2*w + 11 = 3*r. Give v(r).
-1
Suppose 4*m - 5 - 19 = -2*v, -84 = -5*v + 2*m. Let z be 7/((-28)/v)*1. Let q(p) = p**2 + 2*p - 4. Determine q(z).
4
Suppose 0 = 2*x - z - 11, -2*x - 3*z + 3 = 12. Let w be -3 + 2 + x/(-1). Let l(t) = t**3 + 3*t**2 - 3*t + 1. Give l(w).
-3
Let r(n) = n**3 + n**2 + n + 1. Let k(y) = 4*y**3 + 8*y**2 + 6*y + 3. Let d(c) = -k(c) + 3*r(c). Give d(-2).
-6
Let b be -1 + (-2)/(-2) - 0. Suppose 12 = -b*w - w - 5*p, -3*w - 5*p = 16. Let r(y) = 3 + 2*y + y**2 + 2 - 6 - y**3. Calculate r(w).
7
Suppose -2*b = -b - 8. Suppose 0 = -5*h + h + b. Let d(k) = -h*k - 2*k + 2 + 0*k. Determine d(2).
-6
Let h(d) = 8*d + 4. Let b(r) = 7*r + 4. Let y(k) = 5*b(k) - 4*h(k). Suppose 2*j + 8 = 6*j + 2*n, 0 = -3*j + n + 11. Suppose 3 = 2*w - j*w. Determine y(w).
-5
Let r(q) = 3*q + 15. Let s be r(-7). Let j(a) = -a**3 - 7*a**2 - 7*a - 2. What is j(s)?
4
Let u = -14 + 13. Let x(c) be the third derivative of 5*c**4/24 + c**3/6 - 2*c**2. Calculate x(u).
-4
Let a(d) = d**3 + 4*d**2 - 3*d + 3. Suppose -5*b - 17 = -10*b + 4*n, 3*n = b - 10. Let o be b + (0/3 - -3). Let t = -1 - o. What is a(t)?
-7
Suppose -15 = 5*n, 2*z = z + 4*n + 14. Suppose 4*w + 16 = 8*w. Let q(l) = 0 - 2 + l**2 - 2*l**3 + w. Calculate q(z).
-10
Let d(a) = 0*a**3 - 4*a**2 - a + 1 + a**3 + 3 + 0. Let k be d(4). Suppose 6 + k = -3*n. Let l(g) = -g**2 - g + 1. What is l(n)?
-1
Let v(u) = 2*u + 2. Let y = -7 - 8. Let c = y + 12. Calculate v(c).
-4
Let f(h) = -h - 3. Let z be f(-5). Suppose -g - z*g - 18 = 3*l, 0 = 3*l + 4*g + 20. Let w(b) = b**2 + 6*b + 6. Determine w(l).
-2
Let p(a) = -a**3 - 7*a**2 - 6*a. Let w be p(-6). Let x(m) be the third derivative of -m**4/24 + 5*m**3/3 - m**2. What is x(w)?
10
Let x(b) = b**3 - 2*b**2 + 2*b + 1. Let y be x(2). Let s = 2 + 0. Let k(p) = 0*p**2 + p**2 - 5*p + 0*p**2 - p**3 - 3 + 5*p**s. Determine k(y).
-3
Let k(z) be the third derivative of 1/60*z**6 + 0*z**3 + 1/12*z**4 + 0 + 0*z - 4*z**2 - 1/15*z**5. Give k(2).
4
Let d(n) be the second derivative of 2*n**3/3 + 2*n**2 - 23*n. What is d(-6)?
-20
Let b = 8 - 8. Let l = -5 - b. Let u(i) = i**3 + 4*i**2 - 6*i - 6. Let w be u(l). Let v(c) = 4*c**3 - c**2 - c - 1. Give v(w).
-5
Let q(b) = b - 6. Let p(u) = -u. Let h be 2/6 - 24/18. Let m(w) = h*q(w) - 2*p(w). Give m(0).
6
Let l(y) = -2*y**2 - y**2 + 1 + 12*y**2 + 5*y**2 + 2*y. Give l(-1).
13
Let l = -8 + 7. Let f be 1 + 3/(l/(-1)). Let z(p) be the third derivative of p**6/120 - p**5/15 + p**4/12 - 5*p**3/6 - p**2. Calculate z(f).
3
Let c(a) be the first derivative of a**4/2 + a**2/2 - 3. Calculate c(1).
3
Suppose -20 = -m + 5*m. Let l(h) = 4*h**2 + 7*h + 4. Let i(v) = 5*v**2 + 7*v + 3. Let y(f) = -3*i(f) + 4*l(f). Determine y(m).
-3
Let c(w) be the second derivative of 1/2*w**2 + 4*w - 1/3*w**3 + 0 - 1/12*w**4. Calculate c(2).
-7
Let j(y) = y + 2. Let s(h) = h**3 + 8*h**2 - 8*h + 7. Let f be s(-9). Let x be j(f). Let g(d) = d**3 - d**2 - d + 3. Calculate g(x).
3
Let n(h) = 3*h - 3. Suppose 5*k = 13 + 2. Suppose -4*w - 3*y = -0*w - k, 0 = -3*w + 4*y + 21. What is n(w)?
6
Let z be 6*((-27)/(-6) + -3). Let r be (-3)/(z/(-3)) + 2. Let h = r - -1. Let c(x) = -x**2 + 4*x - 2. What is c(h)?
-2
Let h(a) = 3*a - 3. Let n be -1 + 2 + (-114)/2. Let f be n/(-10) + 16/40. Let p(q) = q - 2. Let m be p(f). What is h(m)?
9
Let j(c) be the third derivative of c**8/840 + c**7/2520 - c**5/120 + c**4/6 + 3*c**2. Let b(q) be the second derivative of j(q). Calculate b(-1).
-8
Let v(f) = 4 - 2 + 0 - f + 1. Determine v(-6).
9
Let m = -17 - -19. Let s be m/2 - (5 + -4). Let u(v) = v + 2. Calculate u(s).
2
Let n(u) = -u**2 + 4*u + 14. Let o(j) = j**2 - 5*j - 15. Let r(a) = 7*n(a) + 6*o(a). Let g(l) = -l**2 - 31*l + 96. Let z be g(-34). Determine r(z).
-16
Let j(d) be the second derivative of d**5/20 - 7*d**4/12 - d**3/6 + 3*d**2 + 10*d. Give j(7).
-1
Let o(l) = 2*l - 2. Let q(s) = s - 1. Let n(r) = -2*o(r) + 3*q(r). Let u = -1 + 5. Suppose t = 5*t - u. Calculate n(t).
0
Let r(k) = 4*k - 2. Let z be r(2). Let v = z - 5. Let w(q) = -4*q**2 + q - 1. Give w(v).
-4
Let j(q) = q**3 + 2*q**2 - 6*q + 2. Let u be j(-4). Let p(a) = 2*a - 8. Calculate p(u).
-20
Let s(r) = -r**3 + 26*r + 2 - 28*r - 1 + 5*r**2. Determine s(2).
9
Let t(a) = -a + 6. Let p(s) = -2*s + 12. Let n(b) = -4*p(b) + 9*t(b). Give n(3).
3
Let h(x) be the first derivative of x**4/4 - x**3/3 + x**2/2 - 2*x + 10. Calculate h(2).
4
Let h(k) be the first derivative of -4*k**3/3 - k**2 - k - 5. Suppose 0*q = q - 2. Suppose -1 = -z - q. What is h(z)?
-3
Let q(s) = s. Suppose -v + 2*a = -2, -v + 3*v + 14 = -2*a. Let c(g) = 7*g - 1. Let j(n) = v*q(n) + c(n). Determine j(2).
5
Let d(n) = n**3 + 6*n**2 + 3*n - 3. Suppose 5*b - 5 = 5*h, -2*b + 2 - 3 = -5*h. Let q be 2/((1 - b) + 3). Let o be (q + 0)/2*-10. What is d(o)?
7
Let w(y) = 3*y**2 + 3*y + 4. Let v(h) = -h - 1. Let d(x) = 5*v(x) + w(x). Determine d(-1).
4
Let g(c) be the first derivative of -c**4/4 - 5*c**3/3 + 3*c**2 - 2*c - 14. What is g(-6)?
-2
Suppose 0 = 28*x - 25*x + 21. Let r(c) = c**3 + 7*c**2 - 2*c + 4. Determine r(x).
18
Let k(l) be the third derivative of l**8/6720 - l**7/840 - l**6/180 - l**5/60 - l**4/24 - l**2. Let g(i) be the second derivative of k(i). Give g(-2).
-14
Let w(s) = -3*s. Let u = -36 + 63. Let v = 19 - u. Let h(x) = -x**2 - 9*x - 6. Let q be h(v). What is w(q)?
-6
Let b(n) = -n**2 + 8. Let l(y) = -y**3 - 8*y**2 - 3*y - 24. Let z be l(-8). What is b(z)?
8
Let p(i) = 1. Let y(c) = c - 5. Let g(l) = 10*p(l) + 2*y(l). Determine g(4).
8
Suppose -o + 5 = -2. Let k(f) = 1 + o + 3*f - 2. Give k(-4).
-6
Let i(x) be the first derivative of x**7/840 + x**6/72 - x**4/8 + 7*x**3/3 + 5. Let o(a) be the third derivative of i(a). Calculate o(-5).
-3
Let i(l) = -2*l + 1. Let t be 2 + (-4)/(0 + -1). Give i(t).
-11
Let i(f) = -f - 9. Let l = -33 + 21. Let q be i(l). Let d(k) = 3*k**3 - 2*k**3 - 2 + 3 - q*k - 4*k**2 - 8. Calculate d(5).
3
Let n = 0 - -1. Let y be -1 - ((-2)/n - 1). Suppose 0 = 4*d + 2*s - 4 - 0, -5*d - y*s + 7 = 0. Let v(u) = -u**2 + 5*u - 4. What is v(d)?
2
Let i = 2 + 1. Suppose 2*l + 40 = -i*l. Let r be (-2)/8 - 2/l. Let w(f) = -f**3 - f**2 - f - 7. Calculate w(r).
-7
Let p(c) be the third derivative of -c**5/40 - 7*c**4/24 - c**3/3 + 2*c**2. Let k(r) be the first derivative of p(r). Give k(-5).
8
Suppose 5*d - 3*c + 5*c = 23, 2*c = -2. Let j = 8 - d. Let x(a) = a**2 + 1 + 2*a + 0 - 2*a**2. Calculate x(j).
-2
Let j(f) = f**2 + 6*f + 2. Suppose 3*g - 14 + 5 = 0. Suppose -20 = g*v + v. Give j(v).
-3
Let d(m) be the first deri